 when 1516 is divided by 277.
131
What is the remainder when 24156 is divided by 8027?
75
What is the remainder when 3225125 is divided by 129?
125
Calculate the remainder when 8412 is divided by 117.
105
What is the remainder when 20031 is divided by 633?
408
What is the remainder when 94920 is divided by 7910?
0
Calculate the remainder when 1302 is divided by 4.
2
Calculate the remainder when 365493 is divided by 365487.
6
Calculate the remainder when 3750 is divided by 684.
330
What is the remainder when 397379 is divided by 12?
11
Calculate the remainder when 1517070 is divided by 257.
256
Calculate the remainder when 402228 is divided by 95.
93
Calculate the remainder when 6225 is divided by 2053.
66
What is the remainder when 2289 is divided by 2093?
196
Calculate the remainder when 3300 is divided by 366.
6
Calculate the remainder when 4346 is divided by 1054.
130
Calculate the remainder when 80837 is divided by 40275.
287
Calculate the remainder when 3111 is divided by 374.
119
Calculate the remainder when 131109 is divided by 35.
34
What is the remainder when 176518 is divided by 29?
24
Calculate the remainder when 52133 is divided by 767.
744
Calculate the remainder when 2646 is divided by 25.
21
What is the remainder when 43190 is divided by 21587?
16
What is the remainder when 1432 is divided by 710?
12
Calculate the remainder when 127276 is divided by 231.
226
What is the remainder when 68004 is divided by 62?
52
What is the remainder when 17085 is divided by 1007?
973
What is the remainder when 209272 is divided by 5?
2
Calculate the remainder when 197129 is divided by 6.
5
What is the remainder when 67924 is divided by 161?
143
Calculate the remainder when 2462 is divided by 17.
14
What is the remainder when 73270 is divided by 110?
10
Calculate the remainder when 3287311 is divided by 599.
598
Calculate the remainder when 19402 is divided by 1484.
110
What is the remainder when 98887 is divided by 188?
187
What is the remainder when 3787 is divided by 517?
168
What is the remainder when 13541 is divided by 44?
33
What is the remainder when 314997 is divided by 34999?
6
Calculate the remainder when 110201 is divided by 257.
205
Calculate the remainder when 4224 is divided by 342.
120
Calculate the remainder when 34605 is divided by 84.
81
Calculate the remainder when 7330 is divided by 3366.
598
What is the remainder when 1282 is divided by 302?
74
Calculate the remainder when 13833 is divided by 20.
13
Calculate the remainder when 14181 is divided by 4704.
69
What is the remainder when 57424 is divided by 229?
174
Calculate the remainder when 47442 is divided by 666.
156
What is the remainder when 40988 is divided by 1107?
29
Calculate the remainder when 773130 is divided by 33614.
8
Calculate the remainder when 8243 is divided by 125.
118
What is the remainder when 333 is divided by 27?
9
What is the remainder when 2309 is divided by 376?
53
What is the remainder when 13231 is divided by 11?
9
What is the remainder when 867 is divided by 398?
71
Calculate the remainder when 573399 is divided by 200.
199
What is the remainder when 100 is divided by 18?
10
Calculate the remainder when 15426 is divided by 5037.
315
What is the remainder when 34441 is divided by 129?
127
Calculate the remainder when 2371 is divided by 200.
171
What is the remainder when 2205 is divided by 796?
613
What is the remainder when 46115 is divided by 7684?
11
Calculate the remainder when 29691 is divided by 30.
21
What is the remainder when 189087 is divided by 90?
87
What is the remainder when 15185 is divided by 7589?
7
Calculate the remainder when 11758 is divided by 262.
230
Calculate the remainder when 59824 is divided by 29910.
4
What is the remainder when 32379 is divided by 61?
49
Calculate the remainder when 14454 is divided by 193.
172
Calculate the remainder when 312169 is divided by 10.
9
Calculate the remainder when 94757 is divided by 17.
16
Calculate the remainder when 625547 is divided by 10.
7
Calculate the remainder when 57332 is divided by 94.
86
What is the remainder when 14480 is divided by 19?
2
What is the remainder when 6688 is divided by 116?
76
What is the remainder when 479542 is divided by 695?
687
What is the remainder when 49153 is divided by 1240?
793
Calculate the remainder when 1136 is divided by 24.
8
Calculate the remainder when 12212 is divided by 60.
32
Calculate the remainder when 19796 is divided by 99.
95
What is the remainder when 10199 is divided by 204?
203
Calculate the remainder when 3440 is divided by 368.
128
What is the remainder when 58774 is divided by 124?
122
What is the remainder when 9161 is divided by 95?
41
Calculate the remainder when 418669 is divided by 62.
45
What is the remainder when 3856 is divided by 253?
61
What is the remainder when 4300 is divided by 330?
10
Calculate the remainder when 52708 is divided by 52697.
11
What is the remainder when 1369 is divided by 1330?
39
Calculate the remainder when 37416 is divided by 258.
6
What is the remainder when 61807 is divided by 4753?
18
Calculate the remainder when 3080 is divided by 1013.
41
What is the remainder when 2231 is divided by 144?
71
What is the remainder when 17923 is divided by 148?
15
What is the remainder when 18094 is divided by 3615?
19
Calculate the remainder when 23685 is divided by 53.
47
What is the remainder when 13917 is divided by 21?
15
Calculate the remainder when 461336 is divided by 3.
2
What is the remainder when 134476 is divided by 30?
16
What is the remainder when 74809 is divided by 24932?
13
What is the remainder when 3077 is divided by 1499?
79
What is the remainder when 88008 is divided by 393?
369
Calculate the remainder when 470557 is divided by 160.
157
Calculate the remainder when 521836 is divided by 593.
589
What is the remainder when 3046 is divided by 889?
379
Calculate the remainder when 1471 is divided by 70.
1
What is the remainder when 79089 is divided by 13167?
87
Calculate the remainder when 28045 is divided by 5.
0
What is the remainder when 16971 is divided by 111?
99
What is the remainder when 295229 is divided by 56?
53
Calculate the remainder when 253378 is divided by 3.
1
Calculate the remainder when 69471 is divided by 914.
7
Calculate the remainder when 5651 is divided by 2787.
77
What is the remainder when 5378 is divided by 5378?
0
Calculate the remainder when 3986047 is divided by 596.
595
Calculate the remainder when 17699 is divided by 18.
5
What is the remainder when 26267 is divided by 199?
198
Calculate the remainder when 3494 is divided by 522.
362
Calculate the remainder when 351348 is divided by 35130.
48
What is the remainder when 3271 is divided by 1101?
1069
Calculate the remainder when 14521 is divided by 672.
409
What is the remainder when 853346 is divided by 11?
10
Calculate the remainder when 20606 is divided by 6777.
275
What is the remainder when 8983 is divided by 1793?
18
Calculate the remainder when 1732 is divided by 287.
10
Calculate the remainder when 5787 is divided by 1428.
75
What is the remainder when 6827 is divided by 194?
37
Calculate the remainder when 216485 is divided by 4.
1
Calculate the remainder when 5645 is divided by 1654.
683
What is the remainder when 32042 is divided by 17?
14
Calculate the remainder when 257366 is divided by 494.
486
What is the remainder when 5964 is divided by 72?
60
What is the remainder when 18617 is divided by 190?
187
What is the remainder when 1616770 is divided by 404189?
14
Calculate the remainder when 5463 is divided by 75.
63
Calculate the remainder when 71658 is divided by 48.
42
Calculate the remainder when 18872 is divided by 59.
51
What is the remainder when 42897 is divided by 20?
17
Calculate the remainder when 19029 is divided by 235.
229
What is the remainder when 17621 is divided by 881?
1
Calculate the remainder when 1081 is divided by 312.
145
What is the remainder when 81249 is divided by 27082?
3
What is the remainder when 25618 is divided by 70?
68
What is the remainder when 17238 is divided by 603?
354
Calculate the remainder when 223435 is divided by 424.
411
Calculate the remainder when 11805 is divided by 422.
411
What is the remainder when 789 is divided by 262?
3
Calculate the remainder wh